factors of n?
3
Let k = 85 - 57. What are the prime factors of k?
2, 7
Let i(b) = -3*b - 7. Suppose -2*d - 2*m + 5*m = 17, -4*m + 6 = -d. What are the prime factors of i(d)?
23
Let z(y) = -y**2 + 9*y + 2. Let m be z(9). What are the prime factors of (-2)/(m/(-24) - 0)?
2, 3
Suppose 3*s + 63 = -5*d, 2*d + 2*s + 3 + 19 = 0. Let a = -6 - d. Suppose a = 2*b - 23. List the prime factors of b.
2
Let o be (-75)/(-2)*4/6. Suppose 2*q + i - 83 = 0, -3*i = -q + 2*i + o. Suppose 4*j - x = 18 + 17, 2*j = -4*x + q. List the prime factors of j.
2, 5
List the prime factors of ((-3)/12)/(1/388*-1).
97
Let p = -143 - -276. What are the prime factors of p?
7, 19
Let o(h) = -h**2 + 13. What are the prime factors of o(0)?
13
Let f = 12 + -6. Let a = f + -4. List the prime factors of a.
2
Suppose 6*q - 9 = 3*q. Let g = 8 - q. List the prime factors of g.
5
Let g(j) = -j**2 - 3*j + 3. Let h be g(-3). Let n(c) = -c**2 - 2*c + 4. Let i(b) = -b**2 - 2*b + 3. Let w(t) = -4*i(t) + 3*n(t). List the prime factors of w(h).
3, 5
Suppose -9 = 2*t - 7, 3*x - 998 = 5*t. List the prime factors of x.
331
List the prime factors of (0 + 1)*408/12.
2, 17
Let d = -17 - -30. What are the prime factors of d?
13
Suppose 5*w - 70 = -2*b + 203, -b - 4*w = -135. What are the prime factors of b?
139
Let y(k) = k**2 - 11*k - 8. Let a be y(12). Suppose 0 = z + 3*z - c - 101, a*z - 5*c - 105 = 0. What are the prime factors of z?
5
Suppose w = -w + 12. List the prime factors of w.
2, 3
Let b be 626/14 + (-4)/(-14). Let l(c) = -c**3 - 6*c**2 + 4*c - 1. Let h be l(-7). List the prime factors of 16/6*b/h.
2, 3
Suppose 0*a - 2*a + 3*q = -1, -9 = -3*a - 3*q. Suppose -2*v = -3*v + 7. Suppose 5*k + 2*i - 19 = 0, -a*k + 4*i + 29 = v. What are the prime factors of k?
5
Let s(l) = -l**2 - 8*l + 11. What are the prime factors of s(-8)?
11
Suppose 0 = 4*r - 5*m - 261, 5*r + 2*m - 215 - 70 = 0. List the prime factors of r.
59
Suppose 2*c = -4 - 2, 0 = 5*u - 5*c. Let s = 6 + u. Suppose 3*y + 5*k - 24 = 0, -s*k = -0*k. List the prime factors of y.
2
Let z be (0 - -1)/(3/15). Suppose -r - 2 = -z*y, -3*r - 6 = 6*y - 2*y. Suppose -d - 3*d + 28 = y. What are the prime factors of d?
7
Let o be -7*(0 + (-36)/21). List the prime factors of o/18 + (-73)/(-3).
5
Let s(y) = 2*y + 1. List the prime factors of s(6).
13
Let q be ((-16)/10)/(2/(-15)). Let p = q - 27. List the prime factors of p/6*(-8)/10.
2
Suppose 7*y = 2*y - 25. Let w(v) be the first derivative of -v**2 + 2*v + 1. What are the prime factors of w(y)?
2, 3
Suppose -4*n + 2*n + 46 = 0. What are the prime factors of n?
23
Suppose -36 = -2*f + 6*f. Let g = -7 - f. List the prime factors of g.
2
Let i(r) = 2*r - 5. Let l be i(-7). Let o be l + 3/3*-1. What are the prime factors of (1/2)/((-2)/o)?
5
Let b(c) = c**2 - 13*c + 8. List the prime factors of b(14).
2, 11
Suppose 12 = p - 5*h, -3*h = -2 - 4. Let g = p - 16. What are the prime factors of g?
2, 3
What are the prime factors of (30/20)/(6/28)?
7
Suppose -z - m - 1 = 0, m = -z - m - 1. Let f = -18 + 22. What are the prime factors of f - (z + 2 - 0)?
3
Suppose 8*s + 770 = 13*s. List the prime factors of s.
2, 7, 11
Let s = -5 + 10. Suppose s*i - 50 = -10. List the prime factors of i.
2
Let x = 182 + -116. List the prime factors of x.
2, 3, 11
Let c be 4/10 + 23/5. Let r be 16/10 - (-2)/c. Suppose 5*i - r*x = 58 - 6, 16 = 2*i - 2*x. List the prime factors of i.
2, 3
Suppose 0 = -0*s + 2*s + 22. Let m = 22 + s. What are the prime factors of m?
11
Suppose 3*s + 9 = 45. Let u = s + -8. What are the prime factors of u?
2
Suppose 11 = c + 53. List the prime factors of (-2)/7 - 180/c.
2
Let b(q) = -2*q + 9. What are the prime factors of b(-11)?
31
Let s be 23/(-3) + (-2)/6. Let x = 11 + s. Suppose -x*l + l = -10. What are the prime factors of l?
5
Let u(c) = -232*c**3 - c**2 - 2*c - 1. List the prime factors of u(-1).
2, 29
Suppose -2*b + 5*n = -298, 2*b + 4*n = 2*n + 326. Suppose -b = -4*t - 23. List the prime factors of t.
2, 17
Let a be (15/(-5))/(6/4). Let u be (3 + -5)*(3 + a). What are the prime factors of (-1 - u)*(7 + -1)?
2, 3
Let y = 1 - 5. List the prime factors of ((-8)/12)/(y/18).
3
Let s = 560 - 393. What are the prime factors of s?
167
Let p be (-2 - 0)/((-4)/(-8)). Let u = 25 + p. List the prime factors of u.
3, 7
Let k(g) = 149*g**3 + 2*g**2 - 1. What are the prime factors of k(1)?
2, 3, 5
Let y = 0 - -2. Suppose -3*n + 10 = -y*n. What are the prime factors of n?
2, 5
What are the prime factors of (-55)/(-4) - (-2)/8?
2, 7
Suppose -g = -n - 10, -31 = -3*g - 0*g + 4*n. Suppose 2 = p + 5. Let q = g + p. List the prime factors of q.
2, 3
Let i = 28 - 16. Let o = i - 7. Suppose 0 = -a - 5*g + 2 + o, a - 7 = 3*g. What are the prime factors of a?
7
Let x = 25 + -20. Suppose -68 = -x*y + 87. List the prime factors of y.
31
Let t(g) = g**3 + 5*g**2 + g - 3. Let b be t(-3). Let d(x) = -x**3 + 12*x**2 - 2. Let o be d(b). Let z(c) = 4*c**2 - 2*c - 2. List the prime factors of z(o).
2, 3
Suppose -5*x = o + 1 - 3, -2*o - 5*x + 24 = 0. What are the prime factors of o?
2, 11
Suppose -b + 6 - 1 = 0. Suppose b*s + 2*z = 125 + 43, 0 = s + 3*z - 44. Suppose 3*f - 4*p - 10 = 0, -7*f + 3*f + s = 4*p. What are the prime factors of f?
2, 3
Suppose -2*n + 3*n = 78. List the prime factors of n.
2, 3, 13
Let v be 0/(4/(-2 - -6)). Suppose v = -4*m + 4*n + 88, 5*m + n - 86 = -0*m. List the prime factors of m.
2, 3
Suppose -12 = -4*b, 4*j - 2*b - 5 = -b. Suppose 4*r - j*o + o = 13, -o + 7 = r. Suppose -3*t + 4*s = t - 32, 2*t = -r*s + 34. What are the prime factors of t?
11
Let x(r) = r**3 + 8*r**2 + r + 8. Let w be x(-8). Let i(f) = -f + 24. List the prime factors of i(w).
2, 3
Let j(n) = -n**2 - 12*n - 7. What are the prime factors of j(-8)?
5
Suppose 5*r - 11 = 2*h + 25, -2*r - 18 = h. Let u = h - -29. What are the prime factors of u?
11
Let o(j) = 15*j**3 + j**2 - 2*j + 1. Suppose -3 + 8 = 5*i. Let y be o(i). Let n = y + -7. What are the prime factors of n?
2
Suppose -3*y - 3*k = -144, 3*y + 4*k - 147 = -0*k. Suppose z = 4*z - y. Let h = -3 + z. List the prime factors of h.
2, 3
Let y be ((-40)/(-6))/((-6)/(-54)). Suppose 5*h - 5*b - y = 0, -4*h - 2*b = -3*h - 12. List the prime factors of h.
2, 3
Suppose 2*t = -i + 23, 3*t + 3 = 6. List the prime factors of i.
3, 7
Let k(x) = -x**2 + 4*x - 5. Let i be k(4). Let z be (-1 - i)*10/8. List the prime factors of (z/(-1) - -3)*-5.
2, 5
Suppose 17*p = 1085 + 4440. List the prime factors of p.
5, 13
Let j be (2 + -3)/1*-2. Suppose 108 = j*l + 3*d, 0*d - 248 = -5*l - 2*d. What are the prime factors of l?
2, 3
Let m be 1/((-2)/(-2))*1. Let o be (1 + m)/(5/(-10)). List the prime factors of o/6*(-21 - -3).
2, 3
Let v = -12 + 54. What are the prime factors of v?
2, 3, 7
Suppose 5*m - 305 = -i, 3*m - 147 = -2*i + 36. Let b = m + -37. List the prime factors of b.
2, 3
What are the prime factors of (1296/30)/3*20/3?
2, 3
Let w be 2/((-1)/1) + 0. List the prime factors of ((-2)/6)/(w/66).
11
Let g = -14 - -6. Let t be ((-8)/6)/((-2)/(-6)). Let f = t - g. What are the prime factors of f?
2
Let y = -306 - -506. Suppose -13*u + y = -8*u. List the prime factors of u.
2, 5
Suppose 5*m = -58 - 27. What are the prime factors of (4 + -3)*(1 - m)?
2, 3
Let v be ((-152)/20)/(4/(-10)). List the prime factors of (v/(-3))/((-9)/27).
19
Let f(c) = -9*c + 1. Let z be f(2). Let x = z - -28. Suppose x = o - 1. List the prime factors of o.
2, 3
Let j be (-1)/2 + 45/6. What are the prime factors of (-2)/j - 368/(-14)?
2, 13
Let o be (-8)/(-3)*(-189)/(-36). Suppose -o = -s + 15. List the prime factors of s.
29
Let l(o) = -o + 15. Let k = 5 - -1. Suppose -2*p + k*p = 28. What are the prime factors of l(p)?
2
Let g(s) = 3*s - 6. What are the prime factors of g(5)?
3
Suppose -4*d - 5*q = -2*d - 213, -104 = -d - 2*q. List the prime factors of d.
2, 47
Suppose -5*w = -3*n + 18, 0 = -n - 4*n - 2*w + 30. Suppose 0 = -d + 3*d - n. Suppose 12 = d*l, 5*l = -3*b + 6 + 32. List the prime factors of b.
2, 3
Let o = -3 + 18. What are the prime factors of o?
3, 5
Suppose -s = -4*s + 9. List the prime factors of (-2)/(-3) - (-142)/s.
2, 3
Let f(n) = -2*n + 1. Suppose c = 4*c + 6. Let m be f(c). Suppose 0 = -3*x - u + 10, 2 - 4 = -3*x - m*u. List the prime factors of x.
2
Let d be 0*(1 + (-4)/6). Suppose d = 5*r - 52 -